{"id":17722,"date":"2024-08-26T15:13:48","date_gmt":"2024-08-26T15:13:48","guid":{"rendered":"https:\/\/piedranegra.net\/?post_type=product&#038;p=17722"},"modified":"2025-04-01T17:08:07","modified_gmt":"2025-04-01T17:08:07","slug":"hamaca-ultraligera-nh21dc011","status":"publish","type":"product","link":"https:\/\/piedranegra.net\/index.php\/product\/hamaca-ultraligera-nh21dc011\/","title":{"rendered":"Hamaca Ultraligera NH21DC011 Doble"},"content":{"rendered":"<p>-La construcci\u00f3n de los bordes evita que se enrolle y se retraiga<br \/>\n-Tama\u00f1o compacto cuando est\u00e1 plegada<br \/>\n-Material de construcci\u00f3n duradero y transpirable<br \/>\n-Bolsillo para objetos peque\u00f1os<\/p>\n<p>DIMENCIONES 290 CM X 180 CM<\/p>\n","protected":false},"excerpt":{"rendered":"<p>-La construcci\u00f3n de los bordes evita que se enrolle y se retraiga -Tama\u00f1o compacto cuando est\u00e1 plegada -Material de construcci\u00f3n<\/p>\n","protected":false},"featured_media":17792,"comment_status":"open","ping_status":"closed","template":"","meta":[],"product_cat":[22,23],"product_tag":[],"class_list":{"0":"post-17722","1":"product","2":"type-product","3":"status-publish","4":"has-post-thumbnail","6":"product_cat-camping","7":"product_cat-senderismo","9":"first","10":"instock","11":"taxable","12":"shipping-taxable","13":"purchasable","14":"product-type-simple"},"jetpack_sharing_enabled":true,"_links":{"self":[{"href":"https:\/\/piedranegra.net\/index.php\/wp-json\/wp\/v2\/product\/17722"}],"collection":[{"href":"https:\/\/piedranegra.net\/index.php\/wp-json\/wp\/v2\/product"}],"about":[{"href":"https:\/\/piedranegra.net\/index.php\/wp-json\/wp\/v2\/types\/product"}],"replies":[{"embeddable":true,"href":"https:\/\/piedranegra.net\/index.php\/wp-json\/wp\/v2\/comments?post=17722"}],"version-history":[{"count":3,"href":"https:\/\/piedranegra.net\/index.php\/wp-json\/wp\/v2\/product\/17722\/revisions"}],"predecessor-version":[{"id":19201,"href":"https:\/\/piedranegra.net\/index.php\/wp-json\/wp\/v2\/product\/17722\/revisions\/19201"}],"wp:featuredmedia":[{"embeddable":true,"href":"https:\/\/piedranegra.net\/index.php\/wp-json\/wp\/v2\/media\/17792"}],"wp:attachment":[{"href":"https:\/\/piedranegra.net\/index.php\/wp-json\/wp\/v2\/media?parent=17722"}],"wp:term":[{"taxonomy":"product_cat","embeddable":true,"href":"https:\/\/piedranegra.net\/index.php\/wp-json\/wp\/v2\/product_cat?post=17722"},{"taxonomy":"product_tag","embeddable":true,"href":"https:\/\/piedranegra.net\/index.php\/wp-json\/wp\/v2\/product_tag?post=17722"}],"curies":[{"name":"wp","href":"https:\/\/api.w.org\/{rel}","templated":true}]}}