{"id":17768,"date":"2024-08-29T14:21:55","date_gmt":"2024-08-29T14:21:55","guid":{"rendered":"https:\/\/piedranegra.net\/?post_type=product&#038;p=17768"},"modified":"2024-10-04T15:56:13","modified_gmt":"2024-10-04T15:56:13","slug":"binocular-stinger-10x25mm-compact-binoculars-carson-hw-025","status":"publish","type":"product","link":"https:\/\/piedranegra.net\/index.php\/product\/binocular-stinger-10x25mm-compact-binoculars-carson-hw-025\/","title":{"rendered":"Binocular Stinger 10x25mm Compact Binoculars &#8211; Carson  HW-025"},"content":{"rendered":"<div class=\"woocommerce-product-details__short-description\">\n<p>Los Binoculares\u00a0 Stinger modelo HW-025 tienen la mejor \u00f3ptica de calidad superior que Carson puede ofrecerle en un prism\u00e1tico de 10x25mm, compacto y liviano. El Binoculares Stinger viene con lente totalmente multi recubierta y prisma BK-7 alojados dentro de una carcasa rugosa. Tiene una rueda de enfoque central, con dioptr\u00eda derecha independiente para ajustarlo con la m\u00e1xima flexibilidad de enfoque para todo tipo de visi\u00f3n. Con su tama\u00f1o port\u00e1til es una excelente compa\u00f1\u00eda en los eventos deportivos, excursiones, y muchas otras actividades al aire libre. Los BinocularesHW-025 poseen una correa removible para la mu\u00f1eca, un pa\u00f1o de limpieza de microfibra y un estuche de protecci\u00f3n.<\/p>\n<\/div>\n<div class=\"mh-product-video\"><\/div>\n","protected":false},"excerpt":{"rendered":"<p>Los Binoculares\u00a0 Stinger modelo HW-025 tienen la mejor \u00f3ptica de calidad superior que Carson puede ofrecerle en un prism\u00e1tico de<\/p>\n","protected":false},"featured_media":17776,"comment_status":"open","ping_status":"closed","template":"","meta":[],"product_cat":[22,23,276],"product_tag":[],"class_list":{"0":"post-17768","1":"product","2":"type-product","3":"status-publish","4":"has-post-thumbnail","6":"product_cat-camping","7":"product_cat-senderismo","8":"product_cat-binoculares","10":"first","11":"instock","12":"taxable","13":"shipping-taxable","14":"purchasable","15":"product-type-simple"},"jetpack_sharing_enabled":true,"_links":{"self":[{"href":"https:\/\/piedranegra.net\/index.php\/wp-json\/wp\/v2\/product\/17768"}],"collection":[{"href":"https:\/\/piedranegra.net\/index.php\/wp-json\/wp\/v2\/product"}],"about":[{"href":"https:\/\/piedranegra.net\/index.php\/wp-json\/wp\/v2\/types\/product"}],"replies":[{"embeddable":true,"href":"https:\/\/piedranegra.net\/index.php\/wp-json\/wp\/v2\/comments?post=17768"}],"version-history":[{"count":3,"href":"https:\/\/piedranegra.net\/index.php\/wp-json\/wp\/v2\/product\/17768\/revisions"}],"predecessor-version":[{"id":17775,"href":"https:\/\/piedranegra.net\/index.php\/wp-json\/wp\/v2\/product\/17768\/revisions\/17775"}],"wp:featuredmedia":[{"embeddable":true,"href":"https:\/\/piedranegra.net\/index.php\/wp-json\/wp\/v2\/media\/17776"}],"wp:attachment":[{"href":"https:\/\/piedranegra.net\/index.php\/wp-json\/wp\/v2\/media?parent=17768"}],"wp:term":[{"taxonomy":"product_cat","embeddable":true,"href":"https:\/\/piedranegra.net\/index.php\/wp-json\/wp\/v2\/product_cat?post=17768"},{"taxonomy":"product_tag","embeddable":true,"href":"https:\/\/piedranegra.net\/index.php\/wp-json\/wp\/v2\/product_tag?post=17768"}],"curies":[{"name":"wp","href":"https:\/\/api.w.org\/{rel}","templated":true}]}}