{"id":18167,"date":"2024-09-06T14:47:25","date_gmt":"2024-09-06T14:47:25","guid":{"rendered":"https:\/\/piedranegra.net\/?post_type=product&#038;p=18167"},"modified":"2025-03-03T15:25:56","modified_gmt":"2025-03-03T15:25:56","slug":"down-jacket-mujer-t3fl0a54prt-32-degrees","status":"publish","type":"product","link":"https:\/\/piedranegra.net\/index.php\/product\/down-jacket-mujer-t3fl0a54prt-32-degrees\/","title":{"rendered":"Down Jacket Mujer T4FL1Z13PRT"},"content":{"rendered":"<p>La capa exterior y el forro est\u00e1n tejidos de manera liviana con una textura suave y lisa. El aislamiento es de plum\u00f3n con capacidad de relleno de 650+, certificado seg\u00fan el Est\u00e1ndar de plum\u00f3n responsable<\/p>\n<p>Cada pieza ofrece un aislamiento liviano que atrapa el calor y al mismo tiempo es transpirable, lo que garantiza comodidad sin volumen. Con nuestro compromiso con el abastecimiento \u00e9tico, te mantendr\u00e1s abrigado sabiendo que el plum\u00f3n se obtiene de manera responsable y sustentable.<\/p>\n<p>&nbsp;<\/p>\n","protected":false},"excerpt":{"rendered":"<p>La capa exterior y el forro est\u00e1n tejidos de manera liviana con una textura suave y lisa. El aislamiento es<\/p>\n","protected":false},"featured_media":18954,"comment_status":"open","ping_status":"closed","template":"","meta":[],"product_cat":[22,23,151],"product_tag":[],"class_list":{"0":"post-18167","1":"product","2":"type-product","3":"status-publish","4":"has-post-thumbnail","6":"product_cat-camping","7":"product_cat-senderismo","8":"product_cat-ropa-termica","10":"first","11":"instock","12":"taxable","13":"shipping-taxable","14":"purchasable","15":"product-type-simple"},"jetpack_sharing_enabled":true,"_links":{"self":[{"href":"https:\/\/piedranegra.net\/index.php\/wp-json\/wp\/v2\/product\/18167"}],"collection":[{"href":"https:\/\/piedranegra.net\/index.php\/wp-json\/wp\/v2\/product"}],"about":[{"href":"https:\/\/piedranegra.net\/index.php\/wp-json\/wp\/v2\/types\/product"}],"replies":[{"embeddable":true,"href":"https:\/\/piedranegra.net\/index.php\/wp-json\/wp\/v2\/comments?post=18167"}],"version-history":[{"count":4,"href":"https:\/\/piedranegra.net\/index.php\/wp-json\/wp\/v2\/product\/18167\/revisions"}],"predecessor-version":[{"id":18957,"href":"https:\/\/piedranegra.net\/index.php\/wp-json\/wp\/v2\/product\/18167\/revisions\/18957"}],"wp:featuredmedia":[{"embeddable":true,"href":"https:\/\/piedranegra.net\/index.php\/wp-json\/wp\/v2\/media\/18954"}],"wp:attachment":[{"href":"https:\/\/piedranegra.net\/index.php\/wp-json\/wp\/v2\/media?parent=18167"}],"wp:term":[{"taxonomy":"product_cat","embeddable":true,"href":"https:\/\/piedranegra.net\/index.php\/wp-json\/wp\/v2\/product_cat?post=18167"},{"taxonomy":"product_tag","embeddable":true,"href":"https:\/\/piedranegra.net\/index.php\/wp-json\/wp\/v2\/product_tag?post=18167"}],"curies":[{"name":"wp","href":"https:\/\/api.w.org\/{rel}","templated":true}]}}