{"id":18522,"date":"2024-09-27T22:01:16","date_gmt":"2024-09-27T22:01:16","guid":{"rendered":"https:\/\/piedranegra.net\/?post_type=product&#038;p=18522"},"modified":"2024-09-27T22:28:29","modified_gmt":"2024-09-27T22:28:29","slug":"panel-solar-spectre-18w-dark-energy","status":"publish","type":"product","link":"https:\/\/piedranegra.net\/index.php\/product\/panel-solar-spectre-18w-dark-energy\/","title":{"rendered":"Panel Solar Spectre 18W Dark Energy"},"content":{"rendered":"<ul class=\"a-unordered-list a-vertical a-spacing-mini\">\n<li class=\"a-spacing-mini\"><span class=\"a-list-item\">Estaci\u00f3n de energ\u00eda port\u00e1til ligera inigualable: con un peso 50% menos que otros paneles de 18 W, Spectre ofrece generaci\u00f3n de energ\u00eda ilimitada por debajo de 1 libra, el panel solar port\u00e1til perfecto para aventureros en movimiento<\/span><\/li>\n<li class=\"a-spacing-mini\"><span class=\"a-list-item\">Eficiencia superior de potencia a peso: con la relaci\u00f3n potencia-peso m\u00e1s alta del mercado, el banco de energ\u00eda solar Spectre ofrece un rendimiento inigualable sin a\u00f1adir volumen a su equipo<\/span><\/li>\n<li class=\"a-spacing-mini\"><span class=\"a-list-item\">Tecnolog\u00eda resistente Photo-Skyn: construido para flexionarse y doblarse, el cargador de panel solar plegable Spectre est\u00e1 equipado con tecnolog\u00eda resistente Photo-Skyn, lo que garantiza durabilidad incluso en las condiciones m\u00e1s duras<\/span><\/li>\n<li class=\"a-spacing-mini\"><span class=\"a-list-item\">Durabilidad de Armorflex: la exploraci\u00f3n intr\u00e9pida es posible con la clasificaci\u00f3n de aplastamiento de 200 libras de Spectre, que proporciona protecci\u00f3n adicional contra impactos inesperados<\/span><\/li>\n<li class=\"a-spacing-mini\"><span class=\"a-list-item\">Clasificaci\u00f3n de impermeabilidad IPX7: conquista cualquier aventura sin preocupaciones con la calificaci\u00f3n de impermeabilidad IPX7 de Spectre, lo que garantiza una fiabilidad de energ\u00eda inquebrantable incluso en condiciones de humedad<\/span><\/li>\n<\/ul>\n","protected":false},"excerpt":{"rendered":"<p>Estaci\u00f3n de energ\u00eda port\u00e1til ligera inigualable: con un peso 50% menos que otros paneles de 18 W, Spectre ofrece generaci\u00f3n<\/p>\n","protected":false},"featured_media":18528,"comment_status":"open","ping_status":"closed","template":"","meta":[],"product_cat":[23,144],"product_tag":[],"class_list":{"0":"post-18522","1":"product","2":"type-product","3":"status-publish","4":"has-post-thumbnail","6":"product_cat-senderismo","7":"product_cat-accesorios-hiking","9":"first","10":"instock","11":"taxable","12":"shipping-taxable","13":"purchasable","14":"product-type-simple"},"jetpack_sharing_enabled":true,"_links":{"self":[{"href":"https:\/\/piedranegra.net\/index.php\/wp-json\/wp\/v2\/product\/18522"}],"collection":[{"href":"https:\/\/piedranegra.net\/index.php\/wp-json\/wp\/v2\/product"}],"about":[{"href":"https:\/\/piedranegra.net\/index.php\/wp-json\/wp\/v2\/types\/product"}],"replies":[{"embeddable":true,"href":"https:\/\/piedranegra.net\/index.php\/wp-json\/wp\/v2\/comments?post=18522"}],"version-history":[{"count":1,"href":"https:\/\/piedranegra.net\/index.php\/wp-json\/wp\/v2\/product\/18522\/revisions"}],"predecessor-version":[{"id":18525,"href":"https:\/\/piedranegra.net\/index.php\/wp-json\/wp\/v2\/product\/18522\/revisions\/18525"}],"wp:featuredmedia":[{"embeddable":true,"href":"https:\/\/piedranegra.net\/index.php\/wp-json\/wp\/v2\/media\/18528"}],"wp:attachment":[{"href":"https:\/\/piedranegra.net\/index.php\/wp-json\/wp\/v2\/media?parent=18522"}],"wp:term":[{"taxonomy":"product_cat","embeddable":true,"href":"https:\/\/piedranegra.net\/index.php\/wp-json\/wp\/v2\/product_cat?post=18522"},{"taxonomy":"product_tag","embeddable":true,"href":"https:\/\/piedranegra.net\/index.php\/wp-json\/wp\/v2\/product_tag?post=18522"}],"curies":[{"name":"wp","href":"https:\/\/api.w.org\/{rel}","templated":true}]}}