{"id":19025,"date":"2025-03-17T18:52:38","date_gmt":"2025-03-17T18:52:38","guid":{"rendered":"https:\/\/piedranegra.net\/?post_type=product&#038;p=19025"},"modified":"2026-05-02T23:43:35","modified_gmt":"2026-05-02T23:43:35","slug":"protector-de-celular-cnk2300bs015","status":"publish","type":"product","link":"https:\/\/piedranegra.net\/index.php\/product\/protector-de-celular-cnk2300bs015\/","title":{"rendered":"Protector de celular CNK2300BS015"},"content":{"rendered":"<p>Protege tu celular de forma segura con el Estuche Protector Celular Impermeable Sumergible Naturehike. Fabricado con material PVC de alta calidad, este estuche es compatible con celulares y tablets de hasta 6.8 pulgadas. Su dise\u00f1o resistente al agua te permite sumergirlo sin preocupaciones, manteniendo tu dispositivo protegido en todo momento. El modelo CNK2300BS015 ofrece una protecci\u00f3n completa para tu dispositivo, asegurando su seguridad en cualquier situaci\u00f3n. Atr\u00e9vete a llevar tu celular a todas partes con este estuche impermeable de Naturehike.<\/p>\n","protected":false},"excerpt":{"rendered":"<p>Protege tu celular de forma segura con el Estuche Protector Celular Impermeable Sumergible Naturehike. Fabricado con material PVC de alta<\/p>\n","protected":false},"featured_media":20424,"comment_status":"open","ping_status":"closed","template":"","meta":[],"product_cat":[23],"product_tag":[],"class_list":{"0":"post-19025","1":"product","2":"type-product","3":"status-publish","4":"has-post-thumbnail","6":"product_cat-senderismo","8":"first","9":"instock","10":"sale","11":"taxable","12":"shipping-taxable","13":"purchasable","14":"product-type-variable"},"jetpack_sharing_enabled":true,"_links":{"self":[{"href":"https:\/\/piedranegra.net\/index.php\/wp-json\/wp\/v2\/product\/19025"}],"collection":[{"href":"https:\/\/piedranegra.net\/index.php\/wp-json\/wp\/v2\/product"}],"about":[{"href":"https:\/\/piedranegra.net\/index.php\/wp-json\/wp\/v2\/types\/product"}],"replies":[{"embeddable":true,"href":"https:\/\/piedranegra.net\/index.php\/wp-json\/wp\/v2\/comments?post=19025"}],"version-history":[{"count":2,"href":"https:\/\/piedranegra.net\/index.php\/wp-json\/wp\/v2\/product\/19025\/revisions"}],"predecessor-version":[{"id":20425,"href":"https:\/\/piedranegra.net\/index.php\/wp-json\/wp\/v2\/product\/19025\/revisions\/20425"}],"wp:featuredmedia":[{"embeddable":true,"href":"https:\/\/piedranegra.net\/index.php\/wp-json\/wp\/v2\/media\/20424"}],"wp:attachment":[{"href":"https:\/\/piedranegra.net\/index.php\/wp-json\/wp\/v2\/media?parent=19025"}],"wp:term":[{"taxonomy":"product_cat","embeddable":true,"href":"https:\/\/piedranegra.net\/index.php\/wp-json\/wp\/v2\/product_cat?post=19025"},{"taxonomy":"product_tag","embeddable":true,"href":"https:\/\/piedranegra.net\/index.php\/wp-json\/wp\/v2\/product_tag?post=19025"}],"curies":[{"name":"wp","href":"https:\/\/api.w.org\/{rel}","templated":true}]}}