{"id":19470,"date":"2025-09-11T14:53:19","date_gmt":"2025-09-11T14:53:19","guid":{"rendered":"https:\/\/piedranegra.net\/?post_type=product&#038;p=19470"},"modified":"2026-04-17T17:39:37","modified_gmt":"2026-04-17T17:39:37","slug":"hot-hands-calentador-de-manos","status":"publish","type":"product","link":"https:\/\/piedranegra.net\/index.php\/product\/hot-hands-calentador-de-manos\/","title":{"rendered":"Hot Hands Calentador de Manos 1 Unidad"},"content":{"rendered":"<ul class=\"a-unordered-list a-vertical a-spacing-mini\">\n<li class=\"a-spacing-mini\"><span class=\"a-list-item\">Calentadores multiusos: paquetes de calor activados por aire de un solo uso que proporcionan calor diario y son ideales para mantener tu cuerpo caliente cuando la temperatura se enfr\u00eda; est\u00e1n disponibles en varios estilos dise\u00f1ados para tus manos, pies y cuerpo<\/span><\/li>\n<li class=\"a-spacing-mini\"><span class=\"a-list-item\">Para activar: retira el calentador del paquete exterior, agita para activar; el calentador se calienta en 15-30 minutos; si el calor disminuye, expone el calentador al aire y agita. Despu\u00e9s de su uso, desecha con basura normal; los ingredientes no da\u00f1ar\u00e1n el medio ambiente<\/span><\/li>\n<\/ul>\n","protected":false},"excerpt":{"rendered":"<p>Calentadores multiusos: paquetes de calor activados por aire de un solo uso que proporcionan calor diario y son ideales para<\/p>\n","protected":false},"featured_media":19737,"comment_status":"open","ping_status":"closed","template":"","meta":[],"product_cat":[22,23],"product_tag":[],"class_list":{"0":"post-19470","1":"product","2":"type-product","3":"status-publish","4":"has-post-thumbnail","6":"product_cat-camping","7":"product_cat-senderismo","9":"first","10":"instock","11":"taxable","12":"shipping-taxable","13":"purchasable","14":"product-type-simple"},"jetpack_sharing_enabled":true,"_links":{"self":[{"href":"https:\/\/piedranegra.net\/index.php\/wp-json\/wp\/v2\/product\/19470"}],"collection":[{"href":"https:\/\/piedranegra.net\/index.php\/wp-json\/wp\/v2\/product"}],"about":[{"href":"https:\/\/piedranegra.net\/index.php\/wp-json\/wp\/v2\/types\/product"}],"replies":[{"embeddable":true,"href":"https:\/\/piedranegra.net\/index.php\/wp-json\/wp\/v2\/comments?post=19470"}],"version-history":[{"count":4,"href":"https:\/\/piedranegra.net\/index.php\/wp-json\/wp\/v2\/product\/19470\/revisions"}],"predecessor-version":[{"id":20108,"href":"https:\/\/piedranegra.net\/index.php\/wp-json\/wp\/v2\/product\/19470\/revisions\/20108"}],"wp:featuredmedia":[{"embeddable":true,"href":"https:\/\/piedranegra.net\/index.php\/wp-json\/wp\/v2\/media\/19737"}],"wp:attachment":[{"href":"https:\/\/piedranegra.net\/index.php\/wp-json\/wp\/v2\/media?parent=19470"}],"wp:term":[{"taxonomy":"product_cat","embeddable":true,"href":"https:\/\/piedranegra.net\/index.php\/wp-json\/wp\/v2\/product_cat?post=19470"},{"taxonomy":"product_tag","embeddable":true,"href":"https:\/\/piedranegra.net\/index.php\/wp-json\/wp\/v2\/product_tag?post=19470"}],"curies":[{"name":"wp","href":"https:\/\/api.w.org\/{rel}","templated":true}]}}