{"id":19672,"date":"2026-01-24T19:09:00","date_gmt":"2026-01-24T19:09:00","guid":{"rendered":"https:\/\/piedranegra.net\/?post_type=product&#038;p=19672"},"modified":"2026-03-03T23:47:23","modified_gmt":"2026-03-03T23:47:23","slug":"soft-flask-sd74-300ml","status":"publish","type":"product","link":"https:\/\/piedranegra.net\/index.php\/product\/soft-flask-sd74-300ml\/","title":{"rendered":"Soft Flask SD74 300ml"},"content":{"rendered":"<div>\n<ul class=\"seo-sellpoints--sellerPoint--RcmFO_y\" data-spm-anchor-id=\"a2g0o.detail.0.i5.33e1Y5rZY5rZ5T\">\n<li>\n<pre>Capacidad \u00f3ptima  300ml ideal para actividades al aire libre.<\/pre>\n<\/li>\n<li>\n<pre>Dise\u00f1o plegable  f\u00e1cil de almacenar y transportar.<\/pre>\n<\/li>\n<li>\n<pre>Taza Aonijie|Aonijie Taza|Material resistente  silicona y PP para uso prolongado.<\/pre>\n<\/li>\n<li>\n<pre>Ligereza y portabilidad  solo 107g para deportistas activos.<\/pre>\n<\/li>\n<li>\n<pre>Rango t\u00e9rmico amplio  -20\u00b0C a 120\u00b0C para todo cl\u00edmax.<\/pre>\n<\/li>\n<\/ul>\n<\/div>\n<div class=\"split-line--wrap--dVhU29K\"><\/div>\n","protected":false},"excerpt":{"rendered":"<p>Capacidad \u00f3ptima 300ml ideal para actividades al aire libre. Dise\u00f1o plegable f\u00e1cil de almacenar y transportar. Taza Aonijie|Aonijie Taza|Material resistente<\/p>\n","protected":false},"featured_media":19675,"comment_status":"open","ping_status":"closed","template":"","meta":[],"product_cat":[117,22,23,21],"product_tag":[],"class_list":{"0":"post-19672","1":"product","2":"type-product","3":"status-publish","4":"has-post-thumbnail","6":"product_cat-botellas-y-bolsas","7":"product_cat-camping","8":"product_cat-senderismo","9":"product_cat-trailrunning","11":"first","12":"instock","13":"taxable","14":"shipping-taxable","15":"purchasable","16":"product-type-simple"},"jetpack_sharing_enabled":true,"_links":{"self":[{"href":"https:\/\/piedranegra.net\/index.php\/wp-json\/wp\/v2\/product\/19672"}],"collection":[{"href":"https:\/\/piedranegra.net\/index.php\/wp-json\/wp\/v2\/product"}],"about":[{"href":"https:\/\/piedranegra.net\/index.php\/wp-json\/wp\/v2\/types\/product"}],"replies":[{"embeddable":true,"href":"https:\/\/piedranegra.net\/index.php\/wp-json\/wp\/v2\/comments?post=19672"}],"version-history":[{"count":2,"href":"https:\/\/piedranegra.net\/index.php\/wp-json\/wp\/v2\/product\/19672\/revisions"}],"predecessor-version":[{"id":19677,"href":"https:\/\/piedranegra.net\/index.php\/wp-json\/wp\/v2\/product\/19672\/revisions\/19677"}],"wp:featuredmedia":[{"embeddable":true,"href":"https:\/\/piedranegra.net\/index.php\/wp-json\/wp\/v2\/media\/19675"}],"wp:attachment":[{"href":"https:\/\/piedranegra.net\/index.php\/wp-json\/wp\/v2\/media?parent=19672"}],"wp:term":[{"taxonomy":"product_cat","embeddable":true,"href":"https:\/\/piedranegra.net\/index.php\/wp-json\/wp\/v2\/product_cat?post=19672"},{"taxonomy":"product_tag","embeddable":true,"href":"https:\/\/piedranegra.net\/index.php\/wp-json\/wp\/v2\/product_tag?post=19672"}],"curies":[{"name":"wp","href":"https:\/\/api.w.org\/{rel}","templated":true}]}}