{"id":19759,"date":"2026-02-25T17:55:54","date_gmt":"2026-02-25T17:55:54","guid":{"rendered":"https:\/\/piedranegra.net\/?post_type=product&#038;p=19759"},"modified":"2026-03-03T21:24:14","modified_gmt":"2026-03-03T21:24:14","slug":"soft-flask-sd21-500ml","status":"publish","type":"product","link":"https:\/\/piedranegra.net\/index.php\/product\/soft-flask-sd21-500ml\/","title":{"rendered":"Soft Flask SD21 500ml"},"content":{"rendered":"<ul>\n<li>La botella para correr Soft Flask de 500 ml est\u00e1 hecha de material de TPU de grado alimenticio, 100% libre de BPA y PVC, c\u00f3moda y ecol\u00f3gica, sin sabor extra\u00f1o y sin qu\u00edmicos innecesarios o da\u00f1inos.<\/li>\n<li>Ligera y duradera, plegable, buen sellado y sin fugas, reutilizable, calibre ancho para un f\u00e1cil llenado, botella blanda ideal para actividades al aire libre, adecuada para chalecos de hidrataci\u00f3n, cinturones para correr, etc.<\/li>\n<\/ul>\n","protected":false},"excerpt":{"rendered":"<p>La botella para correr Soft Flask de 500 ml est\u00e1 hecha de material de TPU de grado alimenticio, 100% libre<\/p>\n","protected":false},"featured_media":19760,"comment_status":"open","ping_status":"closed","template":"","meta":[],"product_cat":[120,117,22,23],"product_tag":[],"class_list":{"0":"post-19759","1":"product","2":"type-product","3":"status-publish","4":"has-post-thumbnail","6":"product_cat-bolsas-y-botellas","7":"product_cat-botellas-y-bolsas","8":"product_cat-camping","9":"product_cat-senderismo","11":"first","12":"instock","13":"taxable","14":"shipping-taxable","15":"purchasable","16":"product-type-variable"},"jetpack_sharing_enabled":true,"_links":{"self":[{"href":"https:\/\/piedranegra.net\/index.php\/wp-json\/wp\/v2\/product\/19759"}],"collection":[{"href":"https:\/\/piedranegra.net\/index.php\/wp-json\/wp\/v2\/product"}],"about":[{"href":"https:\/\/piedranegra.net\/index.php\/wp-json\/wp\/v2\/types\/product"}],"replies":[{"embeddable":true,"href":"https:\/\/piedranegra.net\/index.php\/wp-json\/wp\/v2\/comments?post=19759"}],"version-history":[{"count":1,"href":"https:\/\/piedranegra.net\/index.php\/wp-json\/wp\/v2\/product\/19759\/revisions"}],"predecessor-version":[{"id":19762,"href":"https:\/\/piedranegra.net\/index.php\/wp-json\/wp\/v2\/product\/19759\/revisions\/19762"}],"wp:featuredmedia":[{"embeddable":true,"href":"https:\/\/piedranegra.net\/index.php\/wp-json\/wp\/v2\/media\/19760"}],"wp:attachment":[{"href":"https:\/\/piedranegra.net\/index.php\/wp-json\/wp\/v2\/media?parent=19759"}],"wp:term":[{"taxonomy":"product_cat","embeddable":true,"href":"https:\/\/piedranegra.net\/index.php\/wp-json\/wp\/v2\/product_cat?post=19759"},{"taxonomy":"product_tag","embeddable":true,"href":"https:\/\/piedranegra.net\/index.php\/wp-json\/wp\/v2\/product_tag?post=19759"}],"curies":[{"name":"wp","href":"https:\/\/api.w.org\/{rel}","templated":true}]}}