{"id":19785,"date":"2026-02-25T21:16:49","date_gmt":"2026-02-25T21:16:49","guid":{"rendered":"https:\/\/piedranegra.net\/?post_type=product&#038;p=19785"},"modified":"2026-02-25T22:47:47","modified_gmt":"2026-02-25T22:47:47","slug":"gafas-de-sol","status":"publish","type":"product","link":"https:\/\/piedranegra.net\/index.php\/product\/gafas-de-sol\/","title":{"rendered":"Gafas de sol"},"content":{"rendered":"<p>Gafas con 100% protecci\u00f3n UV, dise\u00f1adas para ofrecer seguridad y comodidad en el d\u00eda a d\u00eda. Cuentan con marco ligero de goma con acabado mate, resistente a huellas, impactos y altas temperaturas. Incorporan almohadilla nasal antideslizante para un ajuste m\u00e1s c\u00f3modo y seguro. Incluyen estuche y pa\u00f1o de microfibra para su cuidado y protecci\u00f3n.<\/p>\n","protected":false},"excerpt":{"rendered":"<p>Gafas con 100% protecci\u00f3n UV, dise\u00f1adas para ofrecer seguridad y comodidad en el d\u00eda a d\u00eda. Cuentan con marco ligero<\/p>\n","protected":false},"featured_media":19786,"comment_status":"open","ping_status":"closed","template":"","meta":[],"product_cat":[144,139],"product_tag":[],"class_list":{"0":"post-19785","1":"product","2":"type-product","3":"status-publish","4":"has-post-thumbnail","6":"product_cat-accesorios-hiking","7":"product_cat-travel","9":"first","10":"instock","11":"taxable","12":"shipping-taxable","13":"purchasable","14":"product-type-variable"},"jetpack_sharing_enabled":true,"_links":{"self":[{"href":"https:\/\/piedranegra.net\/index.php\/wp-json\/wp\/v2\/product\/19785"}],"collection":[{"href":"https:\/\/piedranegra.net\/index.php\/wp-json\/wp\/v2\/product"}],"about":[{"href":"https:\/\/piedranegra.net\/index.php\/wp-json\/wp\/v2\/types\/product"}],"replies":[{"embeddable":true,"href":"https:\/\/piedranegra.net\/index.php\/wp-json\/wp\/v2\/comments?post=19785"}],"version-history":[{"count":3,"href":"https:\/\/piedranegra.net\/index.php\/wp-json\/wp\/v2\/product\/19785\/revisions"}],"predecessor-version":[{"id":19799,"href":"https:\/\/piedranegra.net\/index.php\/wp-json\/wp\/v2\/product\/19785\/revisions\/19799"}],"wp:featuredmedia":[{"embeddable":true,"href":"https:\/\/piedranegra.net\/index.php\/wp-json\/wp\/v2\/media\/19786"}],"wp:attachment":[{"href":"https:\/\/piedranegra.net\/index.php\/wp-json\/wp\/v2\/media?parent=19785"}],"wp:term":[{"taxonomy":"product_cat","embeddable":true,"href":"https:\/\/piedranegra.net\/index.php\/wp-json\/wp\/v2\/product_cat?post=19785"},{"taxonomy":"product_tag","embeddable":true,"href":"https:\/\/piedranegra.net\/index.php\/wp-json\/wp\/v2\/product_tag?post=19785"}],"curies":[{"name":"wp","href":"https:\/\/api.w.org\/{rel}","templated":true}]}}