{"id":19974,"date":"2026-03-24T22:44:01","date_gmt":"2026-03-24T22:44:01","guid":{"rendered":"https:\/\/piedranegra.net\/?post_type=product&#038;p=19974"},"modified":"2026-04-28T22:37:47","modified_gmt":"2026-04-28T22:37:47","slug":"19974","status":"publish","type":"product","link":"https:\/\/piedranegra.net\/index.php\/product\/19974\/","title":{"rendered":"Gorra &#8211; Visera deportiva A05"},"content":{"rendered":"<p><strong data-start=\"71\" data-end=\"125\">-Gorra\/Visera deportiva unisex con protecci\u00f3n solar<\/strong><br data-start=\"125\" data-end=\"128\" \/>-Dise\u00f1ada para actividades al aire libre como running y tenis, esta visera ofrece protecci\u00f3n solar eficaz y excelente ventilaci\u00f3n gracias a su material transpirable.<\/p>\n<p>-Es ligera, c\u00f3moda y cuenta con ajuste adaptable, ideal para uso diario tanto en adultos como en j\u00f3venes.<\/p>\n","protected":false},"excerpt":{"rendered":"<p>-Gorra\/Visera deportiva unisex con protecci\u00f3n solar-Dise\u00f1ada para actividades al aire libre como running y tenis, esta visera ofrece protecci\u00f3n solar<\/p>\n","protected":false},"featured_media":19977,"comment_status":"open","ping_status":"closed","template":"","meta":[],"product_cat":[143,144,272,139],"product_tag":[],"class_list":{"0":"post-19974","1":"product","2":"type-product","3":"status-publish","4":"has-post-thumbnail","6":"product_cat-accesorios-travel","7":"product_cat-accesorios-hiking","8":"product_cat-sombreros","9":"product_cat-travel","11":"first","12":"instock","13":"taxable","14":"shipping-taxable","15":"purchasable","16":"product-type-simple"},"jetpack_sharing_enabled":true,"_links":{"self":[{"href":"https:\/\/piedranegra.net\/index.php\/wp-json\/wp\/v2\/product\/19974"}],"collection":[{"href":"https:\/\/piedranegra.net\/index.php\/wp-json\/wp\/v2\/product"}],"about":[{"href":"https:\/\/piedranegra.net\/index.php\/wp-json\/wp\/v2\/types\/product"}],"replies":[{"embeddable":true,"href":"https:\/\/piedranegra.net\/index.php\/wp-json\/wp\/v2\/comments?post=19974"}],"version-history":[{"count":4,"href":"https:\/\/piedranegra.net\/index.php\/wp-json\/wp\/v2\/product\/19974\/revisions"}],"predecessor-version":[{"id":20241,"href":"https:\/\/piedranegra.net\/index.php\/wp-json\/wp\/v2\/product\/19974\/revisions\/20241"}],"wp:featuredmedia":[{"embeddable":true,"href":"https:\/\/piedranegra.net\/index.php\/wp-json\/wp\/v2\/media\/19977"}],"wp:attachment":[{"href":"https:\/\/piedranegra.net\/index.php\/wp-json\/wp\/v2\/media?parent=19974"}],"wp:term":[{"taxonomy":"product_cat","embeddable":true,"href":"https:\/\/piedranegra.net\/index.php\/wp-json\/wp\/v2\/product_cat?post=19974"},{"taxonomy":"product_tag","embeddable":true,"href":"https:\/\/piedranegra.net\/index.php\/wp-json\/wp\/v2\/product_tag?post=19974"}],"curies":[{"name":"wp","href":"https:\/\/api.w.org\/{rel}","templated":true}]}}