{"id":20140,"date":"2026-04-20T19:54:19","date_gmt":"2026-04-20T19:54:19","guid":{"rendered":"https:\/\/piedranegra.net\/?post_type=product&#038;p=20140"},"modified":"2026-04-20T20:03:46","modified_gmt":"2026-04-20T20:03:46","slug":"mat-de-picnic-cnk2350ws010","status":"publish","type":"product","link":"https:\/\/piedranegra.net\/index.php\/product\/mat-de-picnic-cnk2350ws010\/","title":{"rendered":"Mat de picnic CNK2350WS010"},"content":{"rendered":"<p>-Mat de Picnic confeccionada con fibra de poli\u00e9ster, relleno de algod\u00f3n de protecci\u00f3n ambiental y una base de tela Oxford gruesa resistente al desgaste e impermeable.<\/p>\n<p>-Tecnolog\u00eda Ultras\u00f3nica: Utiliza un proceso de uni\u00f3n ultras\u00f3nica que evita costuras tradicionales, mejorando su resistencia a la humedad y durabilidad.<\/p>\n<p>-Alfombra de picnic ultras\u00f3nica Naturehike Happy Series, un accesorio dise\u00f1ado para actividades al aire libre como camping, picnics en parques o d\u00edas de playa, incluye correa de transporte\u00a0de cuero sint\u00e9tico o lona que la hace ver muy est\u00e9tica y f\u00e1cil de llevar.<\/p>\n","protected":false},"excerpt":{"rendered":"<p>-Mat de Picnic confeccionada con fibra de poli\u00e9ster, relleno de algod\u00f3n de protecci\u00f3n ambiental y una base de tela Oxford<\/p>\n","protected":false},"featured_media":20149,"comment_status":"open","ping_status":"closed","template":"","meta":[],"product_cat":[22,143],"product_tag":[],"class_list":{"0":"post-20140","1":"product","2":"type-product","3":"status-publish","4":"has-post-thumbnail","6":"product_cat-camping","7":"product_cat-accesorios-travel","9":"first","10":"instock","11":"taxable","12":"shipping-taxable","13":"purchasable","14":"product-type-variable"},"jetpack_sharing_enabled":true,"_links":{"self":[{"href":"https:\/\/piedranegra.net\/index.php\/wp-json\/wp\/v2\/product\/20140"}],"collection":[{"href":"https:\/\/piedranegra.net\/index.php\/wp-json\/wp\/v2\/product"}],"about":[{"href":"https:\/\/piedranegra.net\/index.php\/wp-json\/wp\/v2\/types\/product"}],"replies":[{"embeddable":true,"href":"https:\/\/piedranegra.net\/index.php\/wp-json\/wp\/v2\/comments?post=20140"}],"version-history":[{"count":3,"href":"https:\/\/piedranegra.net\/index.php\/wp-json\/wp\/v2\/product\/20140\/revisions"}],"predecessor-version":[{"id":20155,"href":"https:\/\/piedranegra.net\/index.php\/wp-json\/wp\/v2\/product\/20140\/revisions\/20155"}],"wp:featuredmedia":[{"embeddable":true,"href":"https:\/\/piedranegra.net\/index.php\/wp-json\/wp\/v2\/media\/20149"}],"wp:attachment":[{"href":"https:\/\/piedranegra.net\/index.php\/wp-json\/wp\/v2\/media?parent=20140"}],"wp:term":[{"taxonomy":"product_cat","embeddable":true,"href":"https:\/\/piedranegra.net\/index.php\/wp-json\/wp\/v2\/product_cat?post=20140"},{"taxonomy":"product_tag","embeddable":true,"href":"https:\/\/piedranegra.net\/index.php\/wp-json\/wp\/v2\/product_tag?post=20140"}],"curies":[{"name":"wp","href":"https:\/\/api.w.org\/{rel}","templated":true}]}}