{"id":20356,"date":"2026-04-30T17:38:00","date_gmt":"2026-04-30T17:38:00","guid":{"rendered":"https:\/\/piedranegra.net\/?post_type=product&#038;p=20356"},"modified":"2026-04-30T17:40:29","modified_gmt":"2026-04-30T17:40:29","slug":"gorro-de-lana-cyy2541fs013","status":"publish","type":"product","link":"https:\/\/piedranegra.net\/index.php\/product\/gorro-de-lana-cyy2541fs013\/","title":{"rendered":"Gorro de lana CYY2541FS013"},"content":{"rendered":"<p>-Gorro t\u00e9rmico unisex de punto de la marca Naturehike, dise\u00f1ado espec\u00edficamente para actividades al aire libre y uso en climas fr\u00edos, suave, transpirable y resistente al viento, ideal para senderismo o monta\u00f1ismo.<\/p>\n","protected":false},"excerpt":{"rendered":"<p>-Gorro t\u00e9rmico unisex de punto de la marca Naturehike, dise\u00f1ado espec\u00edficamente para actividades al aire libre y uso en climas<\/p>\n","protected":false},"featured_media":20357,"comment_status":"open","ping_status":"closed","template":"","meta":[],"product_cat":[119,152,272,139],"product_tag":[],"class_list":{"0":"post-20356","1":"product","2":"type-product","3":"status-publish","4":"has-post-thumbnail","6":"product_cat-accesorios","7":"product_cat-ropa-termica-hiking","8":"product_cat-sombreros","9":"product_cat-travel","11":"first","12":"instock","13":"taxable","14":"shipping-taxable","15":"purchasable","16":"product-type-variable"},"jetpack_sharing_enabled":true,"_links":{"self":[{"href":"https:\/\/piedranegra.net\/index.php\/wp-json\/wp\/v2\/product\/20356"}],"collection":[{"href":"https:\/\/piedranegra.net\/index.php\/wp-json\/wp\/v2\/product"}],"about":[{"href":"https:\/\/piedranegra.net\/index.php\/wp-json\/wp\/v2\/types\/product"}],"replies":[{"embeddable":true,"href":"https:\/\/piedranegra.net\/index.php\/wp-json\/wp\/v2\/comments?post=20356"}],"version-history":[{"count":2,"href":"https:\/\/piedranegra.net\/index.php\/wp-json\/wp\/v2\/product\/20356\/revisions"}],"predecessor-version":[{"id":20365,"href":"https:\/\/piedranegra.net\/index.php\/wp-json\/wp\/v2\/product\/20356\/revisions\/20365"}],"wp:featuredmedia":[{"embeddable":true,"href":"https:\/\/piedranegra.net\/index.php\/wp-json\/wp\/v2\/media\/20357"}],"wp:attachment":[{"href":"https:\/\/piedranegra.net\/index.php\/wp-json\/wp\/v2\/media?parent=20356"}],"wp:term":[{"taxonomy":"product_cat","embeddable":true,"href":"https:\/\/piedranegra.net\/index.php\/wp-json\/wp\/v2\/product_cat?post=20356"},{"taxonomy":"product_tag","embeddable":true,"href":"https:\/\/piedranegra.net\/index.php\/wp-json\/wp\/v2\/product_tag?post=20356"}],"curies":[{"name":"wp","href":"https:\/\/api.w.org\/{rel}","templated":true}]}}