{"id":20525,"date":"2026-05-05T23:00:18","date_gmt":"2026-05-05T23:00:18","guid":{"rendered":"https:\/\/piedranegra.net\/?post_type=product&#038;p=20525"},"modified":"2026-05-05T23:10:04","modified_gmt":"2026-05-05T23:10:04","slug":"estaca-para-tienda-16cm-nh15a008-l","status":"publish","type":"product","link":"https:\/\/piedranegra.net\/index.php\/product\/estaca-para-tienda-16cm-nh15a008-l\/","title":{"rendered":"Estaca para tienda 16cm NH15A008-l"},"content":{"rendered":"<div><span dir=\"auto\">\u00bfSab\u00edas que gran parte del peso de tu tienda de campa\u00f1a proviene de las estacas? Con las estacas de aluminio NatureHike, puedes asegurar una fijaci\u00f3n firme para tu tienda y evitar el esfuerzo de cargar con tanto peso.<\/span><\/div>\n<div><\/div>\n<div><span dir=\"auto\">Fabricadas en aluminio, estas estacas para tiendas de campa\u00f1a pesan solo 13 gramos cada una y miden 18 cm, un tama\u00f1o igual o superior al de la mayor\u00eda de las estacas disponibles en el mercado.<\/span><\/div>\n<div><\/div>\n<div><span dir=\"auto\">Tiene una punta afilada que facilita su anclaje en tierra y hierba, y su cabeza en forma de gancho hace que sea f\u00e1cil anclar las tiendas de campa\u00f1a e incluso retirarlas cuando el suelo es arcilloso o de tierra dura.<\/span><\/div>\n","protected":false},"excerpt":{"rendered":"<p>\u00bfSab\u00edas que gran parte del peso de tu tienda de campa\u00f1a proviene de las estacas? Con las estacas de aluminio<\/p>\n","protected":false},"featured_media":20527,"comment_status":"open","ping_status":"closed","template":"","meta":[],"product_cat":[22,154],"product_tag":[],"class_list":{"0":"post-20525","1":"product","2":"type-product","3":"status-publish","4":"has-post-thumbnail","6":"product_cat-camping","7":"product_cat-tiendas-de-acampar","9":"first","10":"instock","11":"taxable","12":"shipping-taxable","13":"purchasable","14":"product-type-simple"},"jetpack_sharing_enabled":true,"_links":{"self":[{"href":"https:\/\/piedranegra.net\/index.php\/wp-json\/wp\/v2\/product\/20525"}],"collection":[{"href":"https:\/\/piedranegra.net\/index.php\/wp-json\/wp\/v2\/product"}],"about":[{"href":"https:\/\/piedranegra.net\/index.php\/wp-json\/wp\/v2\/types\/product"}],"replies":[{"embeddable":true,"href":"https:\/\/piedranegra.net\/index.php\/wp-json\/wp\/v2\/comments?post=20525"}],"version-history":[{"count":3,"href":"https:\/\/piedranegra.net\/index.php\/wp-json\/wp\/v2\/product\/20525\/revisions"}],"predecessor-version":[{"id":20530,"href":"https:\/\/piedranegra.net\/index.php\/wp-json\/wp\/v2\/product\/20525\/revisions\/20530"}],"wp:featuredmedia":[{"embeddable":true,"href":"https:\/\/piedranegra.net\/index.php\/wp-json\/wp\/v2\/media\/20527"}],"wp:attachment":[{"href":"https:\/\/piedranegra.net\/index.php\/wp-json\/wp\/v2\/media?parent=20525"}],"wp:term":[{"taxonomy":"product_cat","embeddable":true,"href":"https:\/\/piedranegra.net\/index.php\/wp-json\/wp\/v2\/product_cat?post=20525"},{"taxonomy":"product_tag","embeddable":true,"href":"https:\/\/piedranegra.net\/index.php\/wp-json\/wp\/v2\/product_tag?post=20525"}],"curies":[{"name":"wp","href":"https:\/\/api.w.org\/{rel}","templated":true}]}}