{"id":3548,"date":"2023-08-03T19:56:07","date_gmt":"2023-08-03T19:56:07","guid":{"rendered":"http:\/\/piedranegra.net\/index.php\/product\/import-placeholder-for-5049\/"},"modified":"2024-08-31T18:46:13","modified_gmt":"2024-08-31T18:46:13","slug":"compass-silva-nor-spectra-right","status":"publish","type":"product","link":"https:\/\/piedranegra.net\/index.php\/product\/compass-silva-nor-spectra-right\/","title":{"rendered":"Compass SILVA NOR SPECTRA RIGHT"},"content":{"rendered":"<p>&nbsp;<\/p>\n<ul class=\"a-unordered-list a-vertical a-spacing-mini\">\n<li class=\"a-spacing-mini\"><span class=\"a-list-item\">Aguja NOR r\u00e1pida<\/span><\/li>\n<li class=\"a-spacing-mini\"><span class=\"a-list-item\">Nuevo elemento de fricci\u00f3n<\/span><\/li>\n<li class=\"a-spacing-mini\"><span class=\"a-list-item\">Nuevo dise\u00f1o de placa base. Material de placa base m\u00e1s fuerte<\/span><\/li>\n<\/ul>\n","protected":false},"excerpt":{"rendered":"<p>&nbsp; Aguja NOR r\u00e1pida Nuevo elemento de fricci\u00f3n Nuevo dise\u00f1o de placa base. Material de placa base m\u00e1s fuerte<\/p>\n","protected":false},"featured_media":17892,"comment_status":"open","ping_status":"closed","template":"","meta":[],"product_cat":[22,23,144],"product_tag":[168],"class_list":{"0":"post-3548","1":"product","2":"type-product","3":"status-publish","4":"has-post-thumbnail","6":"product_cat-camping","7":"product_cat-senderismo","8":"product_cat-accesorios-hiking","9":"product_tag-viaje-senderismo-acampar","11":"first","12":"instock","13":"taxable","14":"shipping-taxable","15":"purchasable","16":"product-type-simple"},"jetpack_sharing_enabled":true,"_links":{"self":[{"href":"https:\/\/piedranegra.net\/index.php\/wp-json\/wp\/v2\/product\/3548"}],"collection":[{"href":"https:\/\/piedranegra.net\/index.php\/wp-json\/wp\/v2\/product"}],"about":[{"href":"https:\/\/piedranegra.net\/index.php\/wp-json\/wp\/v2\/types\/product"}],"replies":[{"embeddable":true,"href":"https:\/\/piedranegra.net\/index.php\/wp-json\/wp\/v2\/comments?post=3548"}],"version-history":[{"count":2,"href":"https:\/\/piedranegra.net\/index.php\/wp-json\/wp\/v2\/product\/3548\/revisions"}],"predecessor-version":[{"id":17891,"href":"https:\/\/piedranegra.net\/index.php\/wp-json\/wp\/v2\/product\/3548\/revisions\/17891"}],"wp:featuredmedia":[{"embeddable":true,"href":"https:\/\/piedranegra.net\/index.php\/wp-json\/wp\/v2\/media\/17892"}],"wp:attachment":[{"href":"https:\/\/piedranegra.net\/index.php\/wp-json\/wp\/v2\/media?parent=3548"}],"wp:term":[{"taxonomy":"product_cat","embeddable":true,"href":"https:\/\/piedranegra.net\/index.php\/wp-json\/wp\/v2\/product_cat?post=3548"},{"taxonomy":"product_tag","embeddable":true,"href":"https:\/\/piedranegra.net\/index.php\/wp-json\/wp\/v2\/product_tag?post=3548"}],"curies":[{"name":"wp","href":"https:\/\/api.w.org\/{rel}","templated":true}]}}