{"id":3616,"date":"2023-08-03T19:56:52","date_gmt":"2023-08-03T19:56:52","guid":{"rendered":"http:\/\/piedranegra.net\/index.php\/product\/import-placeholder-for-5090\/"},"modified":"2025-03-31T18:27:40","modified_gmt":"2025-03-31T18:27:40","slug":"salveque-naturehike-70l-hiking-nh70b070-b","status":"publish","type":"product","link":"https:\/\/piedranegra.net\/index.php\/product\/salveque-naturehike-70l-hiking-nh70b070-b\/","title":{"rendered":"SALVEQUE Naturehike 70L Hiking NH70B070-B"},"content":{"rendered":"<ul class=\"a-unordered-list a-vertical a-spacing-mini\">\n<li class=\"a-spacing-mini\"><span class=\"a-list-item\">Dise\u00f1o pr\u00e1ctico: dise\u00f1o ergon\u00f3mico, la mochila se adapta a la curva de la espalda, mejorando as\u00ed la comodidad de la mochila. Barras de aluminio de aviaci\u00f3n dobles incorporadas, reducen el peso de la mochila, pero tambi\u00e9n mejoran la capacidad de carga. La altura de la almohadilla trasera es ajustable para adaptarse a diferentes tipos de cuerpo. Las correas reflectantes te hacen caminar por la noche m\u00e1s seguro. Las correas de hombro gruesas y el soporte de espalda transpirable altamente el\u00e1stico te proporcionan una transpirabilidad \u00f3ptima y reducen tu carga.<\/span><\/li>\n<li class=\"a-spacing-mini\"><span class=\"a-list-item\">Resistente al agua: nuestra bolsa de senderismo est\u00e1 hecha de nailon 420D resistente a desgarros y repelente al agua, y la tela de alta calidad es duradera y puede soportar entornos exteriores hostiles. La parte inferior de la mochila est\u00e1 equipada con una cubierta para la lluvia, doble impermeable y a prueba de polvo, te permite disfrutar de tus aventuras al aire libre.<\/span><\/li>\n<\/ul>\n","protected":false},"excerpt":{"rendered":"<p>Espaldar con\u00a0soporte de aluminio liviano reduce un 50% el peso comparado con la barra de aluminio tradicional y el dise\u00f1o con malla integrada aumenta la respiraci\u00f3n.<\/p>\n<p>\u2022\u00a0Bolsillo el\u00e1stico frontal y 2 bolsillos laterales<\/p>\n<p>\u2022\u00a0Correas de compresi\u00f3n laterales y correa de esternon con silbato de seguridad<\/p>\n<p>\u2022\u00a0Bolsillo interno para reservorio de hidrataci\u00f3n<\/p>\n<p>\u2022\u00a0Compartimiento inferior para bolsa de dormir<\/p>\n<p>\u2022 2 Portapiquetas \u2022\u00a0Incluye cubremochila<\/p>\n<p><strong>Informaci\u00f3n t\u00e9cnica:<\/strong><\/p>\n<p>\u2022\u00a0Modelo:\u00a0NH70B070-B<\/p>\n<p>\u2022\u00a0Capacidad: 70 + 5L<\/p>\n<p>\u2022\u00a0Medidas: 75 \u00d7 37 \u00d7 27cm<\/p>\n<p>\u2022\u00a0Peso: 1900g<\/p>\n<p>\u2022\u00a0Material: Poli\u00e9ster, nylon, aluminio.<\/p>\n","protected":false},"featured_media":17859,"comment_status":"open","ping_status":"closed","template":"","meta":[],"product_cat":[23,138,139,140],"product_tag":[185],"class_list":{"0":"post-3616","1":"product","2":"type-product","3":"status-publish","4":"has-post-thumbnail","6":"product_cat-senderismo","7":"product_cat-mochilas","8":"product_cat-travel","9":"product_cat-mochilas-travel","10":"product_tag-senderismo-viaje-acampar","12":"first","13":"instock","14":"taxable","15":"shipping-taxable","16":"purchasable","17":"product-type-simple"},"jetpack_sharing_enabled":true,"_links":{"self":[{"href":"https:\/\/piedranegra.net\/index.php\/wp-json\/wp\/v2\/product\/3616"}],"collection":[{"href":"https:\/\/piedranegra.net\/index.php\/wp-json\/wp\/v2\/product"}],"about":[{"href":"https:\/\/piedranegra.net\/index.php\/wp-json\/wp\/v2\/types\/product"}],"replies":[{"embeddable":true,"href":"https:\/\/piedranegra.net\/index.php\/wp-json\/wp\/v2\/comments?post=3616"}],"version-history":[{"count":5,"href":"https:\/\/piedranegra.net\/index.php\/wp-json\/wp\/v2\/product\/3616\/revisions"}],"predecessor-version":[{"id":17186,"href":"https:\/\/piedranegra.net\/index.php\/wp-json\/wp\/v2\/product\/3616\/revisions\/17186"}],"wp:featuredmedia":[{"embeddable":true,"href":"https:\/\/piedranegra.net\/index.php\/wp-json\/wp\/v2\/media\/17859"}],"wp:attachment":[{"href":"https:\/\/piedranegra.net\/index.php\/wp-json\/wp\/v2\/media?parent=3616"}],"wp:term":[{"taxonomy":"product_cat","embeddable":true,"href":"https:\/\/piedranegra.net\/index.php\/wp-json\/wp\/v2\/product_cat?post=3616"},{"taxonomy":"product_tag","embeddable":true,"href":"https:\/\/piedranegra.net\/index.php\/wp-json\/wp\/v2\/product_tag?post=3616"}],"curies":[{"name":"wp","href":"https:\/\/api.w.org\/{rel}","templated":true}]}}